*f = -0*f + 4. What is the greatest common divisor of v and l?
4
Let q(p) be the second derivative of p**5/20 + 3*p**4/4 + 4*p**3/3 + p**2/2 - 12*p. Let g be q(-8). What is the greatest common factor of 5 and g?
1
Suppose -6*c + 94 = -2. Suppose 4*f - c = -9*t + 7*t, f = -t + 9. Calculate the highest common divisor of 6 and t.
2
Suppose -204*v - 12 = -206*v. Calculate the greatest common divisor of 624 and v.
6
Suppose 5*h - 7 = 3*f + 3, -5*f = -25. Suppose -h*c = 5*o - 170, 2*c = -o + 5*o + 98. What is the greatest common divisor of c and 26?
13
Suppose 5*g - 25 = 30. Suppose 2*z - 6*z = 0. Suppose -3*i + 3 = -z. What is the highest common divisor of g and i?
1
Suppose 2*l - 108 = 4*h, -5*l + 303 = 6*h - 5*h. Calculate the greatest common factor of 300 and l.
60
Let n = -267 - -357. Calculate the greatest common divisor of n and 10.
10
Suppose -5*z + 40 = -3*z - 4*g, -3*g = 0. Let w(j) = -13*j**3 + j**2 + 4*j - 4. Let x be w(2). Let q = -76 - x. What is the greatest common factor of z and q?
20
Let l be (-1)/1*(1 - 6). Suppose 2*u - 62 = 4*x + 62, 3*x = -5*u + 362. Let k be (u/21)/(2/21). What is the highest common divisor of k and l?
5
Let c = 78 + -52. Suppose -7 - c = -11*o. Calculate the greatest common divisor of o and 24.
3
Let b = 357 + 212. Suppose 5*o - b = 146. What is the highest common divisor of 11 and o?
11
Let y(f) = 28*f**2 - 1. Suppose -b + 5*b - 56 = 0. Let l = b + -13. Let g be y(l). What is the greatest common factor of 216 and g?
27
Let h = -11 + 11. Suppose 3*p - 45 - 27 = h. Let z be 1 + 0 - (-13 - -2). What is the greatest common divisor of z and p?
12
Suppose -8996 + 5762 = -11*s. What is the highest common divisor of 49 and s?
49
Let t(l) = -l**3 - 11*l**2 - 9*l - 20. Let i be t(-10). Let o = i + -1. Let d = o + 35. What is the highest common factor of 4 and d?
4
Let y = -77 + 98. Let l(g) = -g**3 - 2*g - 3. Let d be l(-2). Calculate the greatest common divisor of y and d.
3
Suppose 344 = 12*a - 280. Calculate the highest common divisor of a and 195.
13
Suppose 5*s - 61 = -11. Let c be (-2242)/(-14) - (144/(-21) - -7). Calculate the greatest common factor of s and c.
10
Let o be (-12)/(-18) + (-80)/(-6). Suppose -9 = -17*c + o*c. Calculate the highest common factor of 27 and c.
3
Let n be -1*(1 + 1 - 1). Let d = n + 5. Let s be 24*-3*(-1)/d. Calculate the greatest common factor of s and 36.
18
Let l be ((-4)/22 - 912/(-176)) + 299. Calculate the highest common factor of 32 and l.
16
Suppose 3*z - 216 = 18*g - 15*g, 3*z - 208 = -g. Calculate the highest common divisor of 1295 and z.
35
Let m(l) = -8*l + l**2 - 103 + 103. Let v be m(8). Let t = 25 + v. Calculate the greatest common divisor of 25 and t.
25
Let c = 1 - -3. Let j(u) be the third derivative of -u**6/120 + 2*u**3 + 28*u**2. Let o be j(0). What is the highest common divisor of c and o?
4
Let u(l) = -l**2 - 24*l - 40. Let x be u(-18). Calculate the highest common factor of 17 and x.
17
Suppose 5*j = 10*j - 50. Let l be (18/8)/((-5)/(-20)). Let n(k) = k**2 - 7*k - 8. Let m be n(l). What is the highest common factor of j and m?
10
Suppose 0 = -b + 2*v + 12, 4*b + 0*b + 2*v - 8 = 0. Suppose 4*d + d = -b*f + 33, -5*f - d + 15 = 0. Calculate the greatest common factor of 8 and f.
2
Let l be 1/(-2)*2 - -31. Suppose 2*j - 3*d = -3*j + 297, 4*j - 236 = 4*d. What is the highest common factor of l and j?
30
Suppose 2*p = -0*d + 4*d + 8, 4*p - 4*d - 16 = 0. Suppose 0 = 9*h + 3098 - 3386. What is the highest common divisor of h and p?
4
Let c(o) = -18*o - 124. Let m be c(-8). Suppose 3*u = 169 + 11. Calculate the greatest common factor of m and u.
20
Let c = -1 + 1. Suppose c = -o + 4 + 3. Let z(y) = -2*y**3 - 16*y**2 - 14*y + 67. Let p be z(-6). Calculate the highest common divisor of o and p.
7
Suppose 4*u = -5*a + 630, 4*u - 5*a + 7*a - 624 = 0. Calculate the greatest common factor of 279 and u.
31
Let h be (-2 + -2)*18/(-12). Calculate the greatest common divisor of 84 and h.
6
Suppose 42 = 5*f - 78. What is the highest common divisor of f and 9?
3
Suppose -41 + 14 = -3*q. Suppose 8*f + 19 = q*f. Suppose 3*p + 5*o = -2*p + 360, p - 88 = 3*o. What is the highest common divisor of f and p?
19
Let q(g) = g**3 - 8*g**2 - 7*g + 4. Let p be q(8). Let k = 55 + p. What is the highest common divisor of k and 3?
3
Let w = 16 + -13. Suppose -6*l - 2*y - 110 = -8*l, -4*l = w*y - 213. Calculate the greatest common divisor of l and 6.
6
Let p(r) = -5*r - 2. Let m be p(2). Let a be (m/(-7))/(4/14). Calculate the highest common divisor of a and 66.
6
Let o(g) = 2*g**2 + 5*g - 3. Let p be o(-5). Suppose -5*z + 4*y = -p, 5*y + 9 = 2*y. Let c = 9 - 5. What is the greatest common divisor of z and c?
2
Let p be ((-15)/(-2))/((-6)/8). Let i = p - -19. Let q = -1 + 10. What is the greatest common factor of i and q?
9
Let i be -7*((-1)/(3 - 2))/1. Suppose -i*x + 15 = -2*x. Calculate the highest common factor of x and 3.
3
Suppose -48 = -451*n + 448*n. What is the greatest common factor of n and 64?
16
Let g(k) = k**3 - 5*k**2 - 8*k + 14. Let s be g(6). Calculate the greatest common factor of s and 6.
2
Let d(y) = -y**2 + 9*y + 365. Let h be d(-14). What is the highest common factor of h and 1591?
43
Suppose -6*k + 27*k = -84. Let z be (-26)/(-8)*-2*k. Let p(r) = r**2 - 3*r + 3. Let m be p(5). Calculate the highest common divisor of z and m.
13
Let m be (-2)/(-3) - 985/(-3). Suppose 0 = f + 232 - 36. Let d = m + f. Calculate the greatest common divisor of d and 19.
19
Suppose -u + x + 107 = 2*u, 3*u + 5*x = 95. What is the greatest common factor of u and 45?
5
Let q be 35/(3 - 10)*(2 + -3). Calculate the greatest common divisor of q and 1.
1
Let x be (16/(-24))/(4/(-918)). What is the greatest common factor of x and 9?
9
Let j be ((-4)/60*-18)/(2/20). Calculate the highest common factor of j and 96.
12
Let g(w) = 2*w + 14. Suppose -2*u + 2*s + 0*s = 0, 4*s = -20. Let r be g(u). Calculate the highest common factor of 4 and r.
4
Suppose 21*x - 32*x = -1331. What is the highest common factor of 88 and x?
11
Let c be ((-4)/(-6))/((-14)/105)*-67. What is the highest common divisor of c and 268?
67
Suppose 0 = -4*l - h + 276, l = -4*l + h + 336. Calculate the highest common factor of l and 17.
17
Suppose 0 = 7*r - 2*r. Suppose 3*i + 2*i - 45 = r. Let d = 15 - i. Calculate the greatest common divisor of d and 12.
6
Suppose 0*w - 4*w = -80. Suppose 0*n - w = -2*n. Suppose -5*b + 16*b = 22. What is the highest common divisor of n and b?
2
Let t be 3 + (-13)/(-2)*2. Let a(y) = -y**2 - 8*y + 9. Let s be a(-9). Suppose s = 2*m - 0*m - t. Calculate the greatest common divisor of m and 4.
4
Suppose 0 = 3*n + w - 98, 2*n - 2*w - 167 = -3*n. Let y be 45/4 + 2/(-8). What is the highest common divisor of y and n?
11
Suppose 5*x + 2*p - 122 = -0*p, 0 = -4*x + p + 95. Suppose 0 = -0*g - 5*g + 80. Calculate the highest common divisor of g and x.
8
Suppose k = -3*w + 213, w - 3*k - 2*k - 87 = 0. What is the greatest common divisor of w and 54?
18
Let h be (2/((-2)/(-53)))/(118/354). Calculate the highest common divisor of 6 and h.
3
Let s = -40 + 109. What is the greatest common factor of s and 391?
23
Suppose -7*d - 141 + 785 = 0. Calculate the greatest common factor of 4 and d.
4
Let f(c) = c**2 - c + 3. Let q be f(-5). Let v(g) = g**2 - 12*g + 71. Let n be v(14). Calculate the highest common divisor of q and n.
33
Let x(w) = -82*w**3 + w**2 - 2*w - 1. Let n(b) = -b**3 - 7*b**2 - 1. Let a be n(-7). Let d be x(a). What is the highest common factor of 56 and d?
28
Let u be 13/((8/10)/4). Let v be ((-56)/40)/(1/(-5)). Let j be (-190)/(-14) + (-4)/v. Calculate the greatest common divisor of j and u.
13
Suppose -736 + 2680 = 6*u. What is the greatest common factor of 12 and u?
12
Suppose -553 = 5*p - 3*u, -3*p + 5*u - 217 - 118 = 0. Let w = p - -200. What is the greatest common factor of 10 and w?
10
Let a = 1088 - 1014. Suppose -2*n + 185 = 3*n. What is the highest common divisor of a and n?
37
Suppose 31*l - 9450 = 24*l. Calculate the highest common factor of 50 and l.
50
Suppose 0 = 24*t - 20*t - 64. Let u = -28 - -44. Calculate the greatest common divisor of u and t.
16
Suppose 4*b - q - 9 = 0, 0*b = -b - 2*q + 9. Let z be b + 4/(12/(-9)). Suppose z = -4*k - 0*k + 192. Calculate the greatest common factor o